{"id":532,"date":"2016-04-20T16:20:26","date_gmt":"2016-04-20T14:20:26","guid":{"rendered":"http:\/\/www.pgdig.si\/?page_id=532"},"modified":"2016-11-12T21:09:59","modified_gmt":"2016-11-12T20:09:59","slug":"gasilsko-vozilo-za-gozdne-pozare","status":"publish","type":"page","link":"https:\/\/nova.pgdig.si\/?page_id=532","title":{"rendered":"Gasilsko vozilo za gozdne po\u017eare"},"content":{"rendered":"<p><strong>Gasilska oznaka:<\/strong> GVGP-2<a href=\"http:\/\/nova.pgdig.si\/wp-content\/uploads\/2016\/04\/Optimized-IMG_0556.jpg\" rel=\"lightbox[gvgp2]\"><img loading=\"lazy\" class=\"alignright wp-image-903\" src=\"http:\/\/nova.pgdig.si\/wp-content\/uploads\/2016\/04\/Optimized-IMG_0556-400x300.jpg\" alt=\"Optimized-IMG_0556\" width=\"280\" height=\"210\" srcset=\"https:\/\/nova.pgdig.si\/wp-content\/uploads\/2016\/04\/Optimized-IMG_0556-400x300.jpg 400w, https:\/\/nova.pgdig.si\/wp-content\/uploads\/2016\/04\/Optimized-IMG_0556-300x225.jpg 300w, https:\/\/nova.pgdig.si\/wp-content\/uploads\/2016\/04\/Optimized-IMG_0556-900x675.jpg 900w, https:\/\/nova.pgdig.si\/wp-content\/uploads\/2016\/04\/Optimized-IMG_0556-160x120.jpg 160w, https:\/\/nova.pgdig.si\/wp-content\/uploads\/2016\/04\/Optimized-IMG_0556.jpg 933w\" sizes=\"(max-width: 280px) 100vw, 280px\" \/><\/a><br \/>\n<strong>Vzdevek:\u00a0 <\/strong>Star\u010dek<br \/>\n<strong>Model:<\/strong> TAM, TAM 110 T7<br \/>\n<strong>Nadgradnja:<\/strong> Klju\u010davni\u010darstvo Oblak d.o.o.<br \/>\n<strong>Posadka:<\/strong> 1+1<\/p>\n<p>Gasilsko vozilo za gozdne po\u017eare uporabljamo predvsem na travni\u0161kih in gozdnih po\u017earih. Na kraj nesre\u010de lahko pripelje dva gasilca in 1300 litrov vode. Vgrajeno ima tudi visokotla\u010dno \u010drpalko Rosenbauer.<\/p>\n<p>&nbsp;<\/p>\n<p><a href=\"http:\/\/nova.pgdig.si\/wp-content\/uploads\/2016\/04\/Optimized-IMG_0554.jpg\" rel=\"lightbox[gvgp2]\"><img loading=\"lazy\" class=\"alignleft wp-image-901\" src=\"http:\/\/nova.pgdig.si\/wp-content\/uploads\/2016\/04\/Optimized-IMG_0554-400x300.jpg\" alt=\"Optimized-IMG_0554\" width=\"280\" height=\"210\" srcset=\"https:\/\/nova.pgdig.si\/wp-content\/uploads\/2016\/04\/Optimized-IMG_0554-400x300.jpg 400w, https:\/\/nova.pgdig.si\/wp-content\/uploads\/2016\/04\/Optimized-IMG_0554-300x225.jpg 300w, https:\/\/nova.pgdig.si\/wp-content\/uploads\/2016\/04\/Optimized-IMG_0554-900x675.jpg 900w, https:\/\/nova.pgdig.si\/wp-content\/uploads\/2016\/04\/Optimized-IMG_0554-160x120.jpg 160w, https:\/\/nova.pgdig.si\/wp-content\/uploads\/2016\/04\/Optimized-IMG_0554.jpg 933w\" sizes=\"(max-width: 280px) 100vw, 280px\" \/><\/a><\/p>\n<p>Ima tri navijake z visokotla\u010dnimi cevmi s katerimi lahko hitro posredujemo na kraju nesre\u010de. Za manj\u0161e travni\u0161ke in gozdne po\u017eare imamo tudi nahrbtni pihalnik, motorno \u017eago, naprtnja\u010de in po\u017earne metle. Poleg\u00a0 tega ima na strehi v kov\u010dku tudi nekaj lopat, vil, kopa\u010d in ostalega ro\u010dnega orodja.<\/p>\n<p>&nbsp;<\/p>\n<p>Ker vozilo nima veliko vode je velikokrat na intervenciji poleg njega tudi GVC 24\/50. V primeru da je blizu kraja po\u017eara tudi potok, reka, jezero ali mlaka lahko tudi uporabimo muljno \u010drpalko z tla\u010dnimi B cevmi in sesalno ko\u0161aro.<a href=\"http:\/\/nova.pgdig.si\/wp-content\/uploads\/2016\/04\/Optimized-IMG_0567.jpg\" rel=\"lightbox[gvgp2]\"><img loading=\"lazy\" class=\"alignright wp-image-904\" src=\"http:\/\/nova.pgdig.si\/wp-content\/uploads\/2016\/04\/Optimized-IMG_0567-400x300.jpg\" alt=\"Optimized-IMG_0567\" width=\"280\" height=\"210\" srcset=\"https:\/\/nova.pgdig.si\/wp-content\/uploads\/2016\/04\/Optimized-IMG_0567-400x300.jpg 400w, https:\/\/nova.pgdig.si\/wp-content\/uploads\/2016\/04\/Optimized-IMG_0567-300x225.jpg 300w, https:\/\/nova.pgdig.si\/wp-content\/uploads\/2016\/04\/Optimized-IMG_0567-900x675.jpg 900w, https:\/\/nova.pgdig.si\/wp-content\/uploads\/2016\/04\/Optimized-IMG_0567-160x120.jpg 160w, https:\/\/nova.pgdig.si\/wp-content\/uploads\/2016\/04\/Optimized-IMG_0567.jpg 933w\" sizes=\"(max-width: 280px) 100vw, 280px\" \/><\/a><\/p>\n<p>Ker \u017eivimo ob robu barja se na travni\u0161kih po\u017earih ob vro\u010dih su\u0161nih dnevih lahko vname tudi \u0161ota, zato imamo dodatne D, C in B cevi z ro\u010dniki s pipo. Posebnost je nova pridobitev. To je sabljasti ro\u010dnik.<\/p>\n<p>Vozilo ima tudi agregat, ki nam lahko na kraju intervencije priskrbi lastno elektriko in mo\u017enost postavitve svetlobnega stolpa ob slab\u0161i vidljivosti.<\/p>\n\t\t\t\t\t\t<div class=\"gallery_box_single\">\n\t\t\t\t\t\t\t&nbsp;\r\n\r\n&nbsp;\t\t\t\t\t\t\t\t<div class=\"gallery gllr_grid\" data-gllr-columns=\"3\" data-gllr-border-width=\"10\">\n\t\t\t\t\t\t\t\t\t\t\t\t\t\t\t\t\t\t\t\t<div class=\"gllr_image_row\">\n\t\t\t\t\t\t\t\t\t\t\t\t\t\t\t\t\t\t\t\t\t<div class=\"gllr_image_block\">\n\t\t\t\t\t\t\t\t\t\t\t\t<p style=\"width:220px;height:220px;\">\n\t\t\t\t\t\t\t\t\t\t\t\t\t\t\t\t\t\t\t\t\t\t\t\t\t\t\t\t<a data-fancybox=\"gallery_fancybox_891\" href=\"https:\/\/nova.pgdig.si\/wp-content\/uploads\/2016\/05\/Optimized-IMG_0551.JPG\" title=\"\" >\n\t\t\t\t\t\t\t\t\t\t\t\t\t\t\t\t<img width=\"200\"height=\"200\" style=\"width:200px;height:200px;border-width: 10px; border-color:#F1F1F1;border: 10px solid #F1F1F1\" alt=\"\" title=\"\" src=\"https:\/\/nova.pgdig.si\/wp-content\/uploads\/2016\/05\/Optimized-IMG_0551-200x200.jpg\" rel=\"https:\/\/nova.pgdig.si\/wp-content\/uploads\/2016\/05\/Optimized-IMG_0551.JPG\" \/>\n\t\t\t\t\t\t\t\t\t\t\t\t\t\t\t<\/a>\n\t\t\t\t\t\t\t\t\t\t\t\t\t\t\t\t\t\t\t\t\t\t\t\t\t<\/p>\n\t\t\t\t\t\t\t\t\t\t\t\t\t\t\t\t\t\t\t\t\t\t\t\t\t<div style=\"width:220px;\" class=\"gllr_single_image_text gllr_single_image_text_under\">&nbsp;<\/div>\n\t\t\t\t\t\t\t\t\t\t\t\t\t\t\t\t\t\t\t\t\t\t\t<\/div><!-- .gllr_image_block -->\n\t\t\t\t\t\t\t\t\t\t\t\t\t\t\t\t\t\t\t\t\t<div class=\"gllr_image_block\">\n\t\t\t\t\t\t\t\t\t\t\t\t<p style=\"width:220px;height:220px;\">\n\t\t\t\t\t\t\t\t\t\t\t\t\t\t\t\t\t\t\t\t\t\t\t\t\t\t\t\t<a data-fancybox=\"gallery_fancybox_891\" href=\"https:\/\/nova.pgdig.si\/wp-content\/uploads\/2016\/05\/Optimized-IMG_0566.JPG\" title=\"\" >\n\t\t\t\t\t\t\t\t\t\t\t\t\t\t\t\t<img width=\"200\"height=\"200\" style=\"width:200px;height:200px;border-width: 10px; border-color:#F1F1F1;border: 10px solid #F1F1F1\" alt=\"\" title=\"\" src=\"https:\/\/nova.pgdig.si\/wp-content\/uploads\/2016\/05\/Optimized-IMG_0566-200x200.jpg\" rel=\"https:\/\/nova.pgdig.si\/wp-content\/uploads\/2016\/05\/Optimized-IMG_0566.JPG\" \/>\n\t\t\t\t\t\t\t\t\t\t\t\t\t\t\t<\/a>\n\t\t\t\t\t\t\t\t\t\t\t\t\t\t\t\t\t\t\t\t\t\t\t\t\t<\/p>\n\t\t\t\t\t\t\t\t\t\t\t\t\t\t\t\t\t\t\t\t\t\t\t\t\t<div style=\"width:220px;\" class=\"gllr_single_image_text gllr_single_image_text_under\">&nbsp;<\/div>\n\t\t\t\t\t\t\t\t\t\t\t\t\t\t\t\t\t\t\t\t\t\t\t<\/div><!-- .gllr_image_block -->\n\t\t\t\t\t\t\t\t\t\t\t\t\t\t\t\t\t\t\t\t\t<div class=\"gllr_image_block\">\n\t\t\t\t\t\t\t\t\t\t\t\t<p style=\"width:220px;height:220px;\">\n\t\t\t\t\t\t\t\t\t\t\t\t\t\t\t\t\t\t\t\t\t\t\t\t\t\t\t\t<a data-fancybox=\"gallery_fancybox_891\" href=\"https:\/\/nova.pgdig.si\/wp-content\/uploads\/2016\/05\/Optimized-IMG_0565.JPG\" title=\"\" >\n\t\t\t\t\t\t\t\t\t\t\t\t\t\t\t\t<img width=\"200\"height=\"200\" style=\"width:200px;height:200px;border-width: 10px; border-color:#F1F1F1;border: 10px solid #F1F1F1\" alt=\"\" title=\"\" src=\"https:\/\/nova.pgdig.si\/wp-content\/uploads\/2016\/05\/Optimized-IMG_0565-200x200.jpg\" rel=\"https:\/\/nova.pgdig.si\/wp-content\/uploads\/2016\/05\/Optimized-IMG_0565.JPG\" \/>\n\t\t\t\t\t\t\t\t\t\t\t\t\t\t\t<\/a>\n\t\t\t\t\t\t\t\t\t\t\t\t\t\t\t\t\t\t\t\t\t\t\t\t\t<\/p>\n\t\t\t\t\t\t\t\t\t\t\t\t\t\t\t\t\t\t\t\t\t\t\t\t\t<div style=\"width:220px;\" class=\"gllr_single_image_text gllr_single_image_text_under\">&nbsp;<\/div>\n\t\t\t\t\t\t\t\t\t\t\t\t\t\t\t\t\t\t\t\t\t\t\t<\/div><!-- .gllr_image_block -->\n\t\t\t\t\t\t\t\t\t\t\t\t\t\t\t\t\t\t\t\t\t<\/div><!-- .gllr_image_row -->\n\t\t\t\t\t\t\t\t\t\t\t\t\t\t\t\t\t\t\t\t\t<div class=\"gllr_image_row\">\n\t\t\t\t\t\t\t\t\t\t\t\t\t\t\t\t\t\t\t\t\t<div class=\"gllr_image_block\">\n\t\t\t\t\t\t\t\t\t\t\t\t<p style=\"width:220px;height:220px;\">\n\t\t\t\t\t\t\t\t\t\t\t\t\t\t\t\t\t\t\t\t\t\t\t\t\t\t\t\t<a data-fancybox=\"gallery_fancybox_891\" href=\"https:\/\/nova.pgdig.si\/wp-content\/uploads\/2016\/05\/Optimized-IMG_0562.JPG\" title=\"\" >\n\t\t\t\t\t\t\t\t\t\t\t\t\t\t\t\t<img width=\"200\"height=\"200\" style=\"width:200px;height:200px;border-width: 10px; border-color:#F1F1F1;border: 10px solid #F1F1F1\" alt=\"\" title=\"\" src=\"https:\/\/nova.pgdig.si\/wp-content\/uploads\/2016\/05\/Optimized-IMG_0562-200x200.jpg\" rel=\"https:\/\/nova.pgdig.si\/wp-content\/uploads\/2016\/05\/Optimized-IMG_0562.JPG\" \/>\n\t\t\t\t\t\t\t\t\t\t\t\t\t\t\t<\/a>\n\t\t\t\t\t\t\t\t\t\t\t\t\t\t\t\t\t\t\t\t\t\t\t\t\t<\/p>\n\t\t\t\t\t\t\t\t\t\t\t\t\t\t\t\t\t\t\t\t\t\t\t\t\t<div style=\"width:220px;\" class=\"gllr_single_image_text gllr_single_image_text_under\">&nbsp;<\/div>\n\t\t\t\t\t\t\t\t\t\t\t\t\t\t\t\t\t\t\t\t\t\t\t<\/div><!-- .gllr_image_block -->\n\t\t\t\t\t\t\t\t\t\t\t\t\t\t\t\t\t\t\t\t\t<div class=\"gllr_image_block\">\n\t\t\t\t\t\t\t\t\t\t\t\t<p style=\"width:220px;height:220px;\">\n\t\t\t\t\t\t\t\t\t\t\t\t\t\t\t\t\t\t\t\t\t\t\t\t\t\t\t\t<a data-fancybox=\"gallery_fancybox_891\" href=\"https:\/\/nova.pgdig.si\/wp-content\/uploads\/2016\/05\/Optimized-IMG_0563.JPG\" title=\"\" >\n\t\t\t\t\t\t\t\t\t\t\t\t\t\t\t\t<img width=\"200\"height=\"200\" style=\"width:200px;height:200px;border-width: 10px; border-color:#F1F1F1;border: 10px solid #F1F1F1\" alt=\"\" title=\"\" src=\"https:\/\/nova.pgdig.si\/wp-content\/uploads\/2016\/05\/Optimized-IMG_0563-200x200.jpg\" rel=\"https:\/\/nova.pgdig.si\/wp-content\/uploads\/2016\/05\/Optimized-IMG_0563.JPG\" \/>\n\t\t\t\t\t\t\t\t\t\t\t\t\t\t\t<\/a>\n\t\t\t\t\t\t\t\t\t\t\t\t\t\t\t\t\t\t\t\t\t\t\t\t\t<\/p>\n\t\t\t\t\t\t\t\t\t\t\t\t\t\t\t\t\t\t\t\t\t\t\t\t\t<div style=\"width:220px;\" class=\"gllr_single_image_text gllr_single_image_text_under\">&nbsp;<\/div>\n\t\t\t\t\t\t\t\t\t\t\t\t\t\t\t\t\t\t\t\t\t\t\t<\/div><!-- .gllr_image_block -->\n\t\t\t\t\t\t\t\t\t\t\t\t\t\t\t\t\t\t\t\t\t<div class=\"clear\"><\/div>\n\t\t\t\t\t\t\t\t\t\t<\/div><!-- .gllr_image_row -->\n\t\t\t\t\t\t\t\t\t\t\t\t\t\t\t\t\t<\/div><!-- .gallery.clearfix -->\n\t\t\t\t\t\t\t\t\t\t\t\t\t<\/div><!-- .gallery_box_single -->\n\t\t\t\t\t\t<div class=\"gllr_clear\"><\/div>\n\t\t\t\t\t\n","protected":false},"excerpt":{"rendered":"<p>Gasilska oznaka: GVGP-2 Vzdevek:\u00a0 Star\u010dek Model: TAM, TAM 110 T7 Nadgradnja: Klju\u010davni\u010darstvo Oblak d.o.o. Posadka: 1+1 Gasilsko vozilo za gozdne po\u017eare uporabljamo predvsem na travni\u0161kih in gozdnih po\u017earih. Na kraj <a class=\"more-link\" href=\"https:\/\/nova.pgdig.si\/?gallery=gvgp-2\">Prika\u017ei ve\u010d\u2192<\/a><\/p>\n","protected":false},"author":1,"featured_media":0,"parent":543,"menu_order":0,"comment_status":"closed","ping_status":"closed","template":"","meta":[],"_links":{"self":[{"href":"https:\/\/nova.pgdig.si\/index.php?rest_route=\/wp\/v2\/pages\/532"}],"collection":[{"href":"https:\/\/nova.pgdig.si\/index.php?rest_route=\/wp\/v2\/pages"}],"about":[{"href":"https:\/\/nova.pgdig.si\/index.php?rest_route=\/wp\/v2\/types\/page"}],"author":[{"embeddable":true,"href":"https:\/\/nova.pgdig.si\/index.php?rest_route=\/wp\/v2\/users\/1"}],"replies":[{"embeddable":true,"href":"https:\/\/nova.pgdig.si\/index.php?rest_route=%2Fwp%2Fv2%2Fcomments&post=532"}],"version-history":[{"count":15,"href":"https:\/\/nova.pgdig.si\/index.php?rest_route=\/wp\/v2\/pages\/532\/revisions"}],"predecessor-version":[{"id":1306,"href":"https:\/\/nova.pgdig.si\/index.php?rest_route=\/wp\/v2\/pages\/532\/revisions\/1306"}],"up":[{"embeddable":true,"href":"https:\/\/nova.pgdig.si\/index.php?rest_route=\/wp\/v2\/pages\/543"}],"wp:attachment":[{"href":"https:\/\/nova.pgdig.si\/index.php?rest_route=%2Fwp%2Fv2%2Fmedia&parent=532"}],"curies":[{"name":"wp","href":"https:\/\/api.w.org\/{rel}","templated":true}]}}